t(g) = 14*g**2 + g + 1. Let y(q) = -3*q - 15. Let a be y(-6). Suppose -n - 4 = a*n. What is the tens digit of t(n)?
1
Let u(d) = -5 + 5*d**3 - 2*d**2 - 3*d + d**2 + 3*d. What is the tens digit of u(3)?
2
Suppose 0 = 5*h - 75 + 585. What is the units digit of (h/24*1)/(2/(-40))?
5
Let t(j) = 6*j - 14. Let z(o) = -o**3 - 7*o**2 + 10. Let v be z(-7). Let m be t(v). Suppose -2*u + m + 4 = 0. What is the units digit of u?
5
Let h = 62 - 60. Suppose 4*x = -5*r + 405, h*r = 4*x - x + 139. What is the units digit of r?
7
Suppose 5*j + 3*l - 10967 = 0, 12*j - l = 11*j + 2187. What is the units digit of j?
1
Suppose -4 = -0*y - y - 3*i, -20 = -3*y - i. Let m = -14 + 15. Let f = y - m. What is the units digit of f?
6
Let p(v) = -v**3 - 55*v**2 - 25*v + 253. What is the tens digit of p(-55)?
2
Let g(b) = 2*b**3 - b**2 + 22*b + 16. What is the hundreds digit of g(7)?
8
Let q be ((-5)/10*-16)/2. Suppose -290 = -5*p - 2*k, k - 116 = -2*p + q*k. What is the units digit of p?
8
Let c = -20 + 15. Let n(z) be the second derivative of -z**4/12 - 4*z**3/3 - 6*z**2 - 7*z. What is the units digit of n(c)?
3
Let a(g) be the third derivative of -g**5/60 + g**4/24 + g**3/6 - g**2. Let k(n) = n - 1. Let s(z) = -a(z) + 5*k(z). What is the tens digit of s(-7)?
1
Let y(g) = -4*g**3 - g**2 - 2*g + 1. Let d be (-3 + 8 - 0)*(-2)/5. What is the units digit of y(d)?
3
Let w(g) = -3*g + 11*g + 2 + 3*g**2 + 9 - 4*g**2. Let z be ((-7)/2)/(3/((-24)/4)). What is the units digit of w(z)?
8
What is the units digit of (12 - 11528/(-4))*2/4?
7
Let x be (-1)/(5*(-1)/(-425)). Let d = x - -216. What is the tens digit of d?
3
Let x be -1 + -4 + (4 - -5). Suppose -x*l = -20, -174 + 8 = -3*j - 5*l. What is the units digit of j?
7
Let o = -1703 + 2651. What is the units digit of o?
8
Let b be -21 - (2 + (-15)/(-5)). Let j(d) = 2*d**3 - 3*d**2 - 3*d. Let i be j(-2). Let x = i - b. What is the units digit of x?
4
Suppose -a - 2*m + 12 = 0, -2*a + 6*a - m = 57. Suppose a*t - 584 = 6*t. What is the tens digit of t?
7
Let o(c) = 3*c - 3. Let a be o(6). Suppose 11 = 2*j - 2*l - a, j - 16 = 4*l. Suppose p = -2*b, 3*p + 4*b - j = -p. What is the units digit of p?
6
Let q = -13 - 31. What is the units digit of 30/(-20)*(q - 2)?
9
Let r = 468 - 177. What is the units digit of r?
1
Suppose 0*u = -7*u + 14. Suppose l = -2*t - u*t + 420, t + 3*l - 94 = 0. What is the tens digit of t?
0
Let a = 2398 - 1296. What is the tens digit of a?
0
Let j = 5943 + -3023. What is the thousands digit of j?
2
Let z(s) = -36*s**3 + s**2 - 3*s - 4. What is the units digit of z(-3)?
6
Let a = -102 - -155. Let i = 133 - a. What is the tens digit of i?
8
Let u = -2 - 7. Let g = u + 13. Suppose 0 = -2*r - 3*i - 9, -g*r + 2*i + 0 = -22. What is the units digit of r?
3
Let i = 3997 - 2770. What is the units digit of i?
7
Suppose -3*l + 4*l = -4*f - 27, 2*l + 48 = -5*f. What is the units digit of 41/(-5)*(-24 - l)?
1
Let u = -942 + 1044. What is the hundreds digit of u?
1
Let m = -81 - -12. Let n = 11 - m. What is the units digit of n?
0
Let g(t) = -3*t + 3. Let b be g(1). Let i(d) = -3*d - 16. Let k(u) = -7*u - 32. Let f(s) = -5*i(s) + 2*k(s). What is the tens digit of f(b)?
1
Let l be 57/(-1 - 0/2). Let p = l - -127. What is the tens digit of p?
7
Let f = 430 - 184. What is the units digit of f?
6
Let t = 11 - 8. Suppose 8*o - 3*o - 322 = t*v, -v + 326 = 5*o. What is the units digit of o?
5
Let o(v) = 2*v - 6. Let j be o(5). Let f = j - 5. Let x = f + 2. What is the units digit of x?
1
Let k(w) be the first derivative of -w**4/4 + 8*w**3/3 - 2*w**2 + 22*w - 4. What is the units digit of k(6)?
0
Let u(l) = 78*l - 43. What is the hundreds digit of u(34)?
6
Suppose 2020*n - 2017*n = 2880. What is the tens digit of n?
6
Suppose 5*l = -w - 2488, 3*l + 0*w + 5*w + 1506 = 0. Let z = -346 - l. What is the tens digit of z?
5
Suppose 5*o + o = 180. Let z be o/(3 + 3/(-2)). What is the tens digit of 1636/28 - z/(-35)?
5
Suppose -n = -4*x + 63, 3 = x + 4*n - 0. What is the units digit of x?
5
Let w(c) = c**2 + c + 1. Let a(o) = 35*o**2 + 5*o + 4. Let r(m) = a(m) + 3*w(m). What is the tens digit of r(-2)?
4
Let q(f) = 2*f**2 + 23*f - 28. What is the hundreds digit of q(10)?
4
Suppose 0*t + 16 = t. Let x = t + 14. What is the tens digit of x?
3
Let y = 88 - -10. What is the units digit of (-2)/((-28)/382) - 28/y?
7
Let h(o) = -2*o + 76. What is the tens digit of h(17)?
4
Let o(k) = 18*k + 10. Let v be (36/8 - 4)*8. What is the tens digit of o(v)?
8
Suppose 2*v - 4844 = 2*p, -4046 = -4*v + 2*p + 5636. What is the units digit of v?
9
Let d = -213 - -149. Let u be 0 - 2/(-2) - 93. Let x = d - u. What is the tens digit of x?
2
Suppose -4*p = -0*p - 12. Suppose 2*c - 1 = -a + 27, 1 = -c. Suppose -5*k - 5*s = -160, p*k - s - a = 2*k. What is the units digit of k?
1
Let g be (12/10)/(4/10). Let p be (3/6)/(g/(-24)). What is the units digit of (-5)/((-15)/168) + p?
2
Let q(f) = f**3 + 6*f**2 + 5*f + 5. Let k(b) = -b - 1. Let n(z) = -k(z) + q(z). What is the units digit of n(-5)?
1
Let n be 1/6 - ((-150995)/(-30))/(-23). Let s = 420 - n. What is the tens digit of s?
0
Let q be ((-21)/(-4))/(3/4 - 0). What is the tens digit of (-1 - 3) + q + 196?
9
Let h(o) = o - 5. Let g be h(7). Suppose 3*i - 21 = g*i. Let t = -10 + i. What is the units digit of t?
1
Let j(m) = m**3 + 17*m**2 + 23*m - 23. What is the hundreds digit of j(-12)?
4
Let a be -5 + 8 + 38 + 1. Suppose -18*o + a = -17*o. What is the tens digit of o?
4
Let o = -872 - -473. Let z = o + 599. What is the units digit of z?
0
Let b(a) = -a**2 - 9*a + 3. Let h be b(-5). Suppose 2*p + 17 = s + 4*p, 4*s - p - h = 0. What is the units digit of (-6)/(-21) - (-208)/s?
0
Let g = 4 - 2. Suppose 18 = 5*v - 3*a, -3*v + 4 = -3*a - g. Suppose -34 = -v*j + 4*j. What is the units digit of j?
7
What is the tens digit of 9/(-4) - -2 - 24927/(-12)?
7
Suppose -2*s = -892 - 1314. What is the thousands digit of s?
1
Let l be 8 - 1*(1 + 0). Suppose -13 = -5*t + l. Suppose -3*v = t*v - 483. What is the units digit of v?
9
Let w = -416 + 131. What is the tens digit of -4 + 1*(-1 - w)?
8
Let a(n) = -45*n - 21. Let r be a(-4). Suppose -11*d + 8*d + r = 0. What is the units digit of d?
3
Let b(d) = 7*d**2 + 33*d + 2. Let f(l) = -3*l**2 - 17*l - 1. Let c(i) = 3*b(i) + 5*f(i). What is the tens digit of c(-6)?
3
Let o = 84 - -259. Suppose -2*j + o = 3*x, -4*x - 2*j = -112 - 348. What is the hundreds digit of x?
1
What is the units digit of ((-10)/(-6) + 1)/(39/10179)?
6
Let t = -41 - -24. Let a = t + 22. What is the units digit of (-2 + a/2)*68?
4
Let c = 4155 + -1504. What is the thousands digit of c?
2
Suppose 3*l - 2021 = -o, 0 = -4*l - o + 399 + 2296. What is the hundreds digit of l?
6
Suppose -4*y + 2*o + 456 = 0, 5*y - 573 = 3*o + o. Suppose 157 + y = 3*t. What is the tens digit of t?
9
Suppose 8*x - 36*x = -168. Let g be 7/(-2) + (-1)/2. Let m = x + g. What is the units digit of m?
2
Let h be 2241/15 + 2 + (-2)/5. What is the units digit of h - 2*(-2)/2?
3
Let j(z) = -5*z**3 - 6*z - 8. What is the hundreds digit of j(-3)?
1
Suppose 4*l = 3*h - 7466, 9261 + 703 = 4*h - 3*l. What is the tens digit of h?
9
Let m be (-4)/(4/(-10) - 0). Suppose -5*g + 125 - m = 0. Suppose -30 = -d + g. What is the units digit of d?
3
Suppose 2233 = 6*i + i. What is the tens digit of i?
1
Let d(j) = -j**3 + 7*j**2 + j - 4. Let y be d(7). Suppose y*x + 3 = 4*q - 3, q + 2 = -x. Suppose q = 2*n - n - 31. What is the units digit of n?
1
Let c be 324/7 - 4/14. Let s = 308 - 160. Suppose c - s = -5*d - 2*q, -4*q + 24 = d. What is the units digit of d?
0
Let l(y) = 5*y**2 - 4*y + 4. Let z(w) = -w**3 + 15*w**2 + 16*w + 6. Let v be z(16). What is the hundreds digit of l(v)?
1
Let u be 89/(-4 - 36/(-8)). Suppose 5*q - 310 = 2*g, u = 3*q + g + 3. What is the tens digit of q?
6
Suppose 24*r - 30*r = 48. Let i(k) = -7*k**2 + k + 7 - 21 - 6*k**3 + 5*k**3. What is the tens digit of i(r)?
4
Suppose 3*b - 5*o - 656 = 135, 5*b + 2*o = 1277. What is the hundreds digit of b?
2
Let v(n) = 153*n**2 - 27*n - 148. What is the hundreds digit of v(-4)?
4
Suppose 3*i - 4*b = 2319, 5*i = 7*i + 3*b - 1529. What is the tens digit of i?
6
What is the tens digit of (28/6)/(103/19776)?
9
Suppose -18*q - 182 = -20*q. What is the tens digit of q?
9
Let b = 50 + -31. Let 